+ 470792. What is the thousands digit of y?
7
Suppose 565*l - 562*l = 0. Suppose -4*a - 2*q + 3640 = -q, -5*a + q + 4550 = l. What is the units digit of a?
0
Let g(p) = 696*p**2 + 25*p + 67. What is the hundreds digit of g(-4)?
1
Suppose 1355*u = 1364*u - 342. Let j(n) = n**3 + n + 5. Let y be j(0). Suppose 4*q = -y*t + 641, t = 2*q + 93 + u. What is the units digit of t?
9
Let u = 76339 - 40258. What is the hundreds digit of u?
0
Suppose 93874 = 55*z - 52*z + 5*r, -31296 = -z - 4*r. What is the hundreds digit of z?
2
Let x(j) = j**3 + 5*j**2 - 7. Let y be x(-4). Let p be y/(-12)*6*(-4)/6. Suppose 4*l - 47 = -p*i + 45, 2*i - 3*l - 50 = 0. What is the units digit of i?
8
Let j(t) be the first derivative of 6*t**3 - 15*t**2/2 + 2*t - 57. What is the tens digit of j(7)?
7
Suppose 0 = -485*h + 491*h - 7884. Suppose -17*a = -h - 2885. What is the units digit of a?
7
Let l be ((-44)/55)/((-1)/70). Suppose -l*f + 12 = -58*f. What is the units digit of (f + 24)*(-32)/(-12)?
8
Let r(c) = -8 + 2*c - 51*c - 32*c. What is the tens digit of r(-3)?
3
Let x(n) = -205*n + 91. What is the units digit of x(-91)?
6
Let g(j) = j**3 - 6*j**3 + 4*j**3 + 5*j - 1 - 2*j**2. Let b be g(-3). What is the tens digit of (-731)/b + (-6)/14?
0
Suppose 20*y + 31694 = 23*y - v, 0 = 5*y - v - 52820. What is the units digit of y?
3
Let w = 430 - 709. Let o = w - -317. What is the units digit of o?
8
Suppose 3*w + 4*w = -12*w + 76. Let r(j) be the second derivative of 19*j**3/6 + 6*j**2 + j. What is the units digit of r(w)?
8
Suppose 4*q + 180 = 19*q. Let c(a) = q*a**2 + 9 - 3 + 3 - 5 - 3*a. What is the tens digit of c(-3)?
2
Suppose 39*x = 47*x - 1336. Suppose 0 = -3*v + x + 1438. What is the tens digit of v?
3
Suppose 0 = -2*z - 3*z - c + 45, 3*c = -z + 9. Suppose -z = -4*f + 7. Suppose i - 135 = 3*t, 3*i - f*t - 73 = 332. What is the hundreds digit of i?
1
Suppose 0 = -b - 5*c + 1 + 38, 0 = 5*c. Let q(f) = 5*f**3 - 21*f + 14. Let v be q(7). Suppose b*n + v = 46*n. What is the tens digit of n?
2
What is the units digit of ((-6098)/(-6))/((-3)/60*20/(-15))?
5
Suppose 969*f = 940*f - 2817 + 20826. What is the hundreds digit of f?
6
Suppose -3*d + 5*b = -4071, -5*d + 2*b - 2351 = -9117. Let j = d - 61. What is the hundreds digit of j?
2
Let a be ((-4)/10 - (-568)/20)*4. Suppose 9*d - a = 5*d. What is the hundreds digit of (-14)/d - (-67)/2*3?
1
Let x(l) = l**3 - 8*l**2 - 8*l + 13. Let d be x(9). Suppose 39*q + 26*q - 5135 = 0. Let c = d + q. What is the hundreds digit of c?
1
Suppose -62 = -18*s + 316. Suppose s*o - 4639 = -334. What is the tens digit of o?
0
Suppose 5*o - z = 7461, 2*o + z - 1860 = 1123. Suppose 0 = 6*b - 2786 - o. What is the tens digit of b?
1
Suppose 8*l - 583 = 841. Suppose 3*z - 13 = a + 28, -a - 3*z = 71. Let p = l + a. What is the units digit of p?
2
Let m(v) = v**2 - 4*v + 3. Let z be m(-4). Let w = z + -49. Let u = w + 48. What is the tens digit of u?
3
Let y = 13726 - 849. What is the hundreds digit of y?
8
Let o be -4 + 2028/(-21) - (-8)/14. What is the hundreds digit of (-1894)/(-10) - (-40)/o?
1
Let d = -395 - -4012. Let n = -2452 + d. What is the units digit of n?
5
Let k be (-1 + 40)*(32 - -26). Suppose 109*l = 103*l + k. What is the hundreds digit of l?
3
Let k be (-2)/(-3) - -3405*(-32)/(-72). Let q = k + -737. What is the tens digit of q?
7
Let w(p) = -45*p**3 + 11*p**2 + 34*p - 81. What is the ten thousands digit of w(-11)?
6
What is the hundreds digit of (3820/40)/((-4)/(-232))?
5
Suppose 0 = 8*u - 16160 - 40160. Suppose -11*g = -27*g + u. What is the hundreds digit of g?
4
Let h(v) = 1727*v + 47. What is the thousands digit of h(9)?
5
Let p(d) = 2*d**3 - 76*d**2 + 93*d - 107. What is the hundreds digit of p(37)?
5
Let d = -80873 - -121248. What is the thousands digit of d?
0
Suppose 10436 = r + 2*l, 2*r - 186*l + 191*l - 20866 = 0. What is the units digit of r?
8
Let k(w) = -44*w + 90. Let h be k(12). Let a = 106 - h. What is the hundreds digit of a?
5
Suppose -5*g = 24953 - 5108. What is the units digit of 6/(-4) - 16/(288/g)?
9
What is the tens digit of (6528/(-9))/(124/217 + (-151)/252)?
1
Suppose 109 - 1669 = -8*k. Suppose -2802 = -197*j + k*j. What is the hundreds digit of j?
4
Let w be -1*6 + (-13 - (-140 - -15)). Let t = w - -552. What is the hundreds digit of t?
6
What is the ten thousands digit of (4*(-477)/18)/((-3)/603)?
2
Suppose -j = -3, -6*j = 4*q - j - 39. Suppose q + 58 = 2*p. Let f = p - -18. What is the units digit of f?
0
Let h(n) = n**3 - 5*n**2 + n - 33. Let p be h(6). Suppose 4*u + 2092 = 4*a, 2*a + p*u = 13*u + 1044. What is the hundreds digit of a?
5
Suppose 0 = 5*c + 3*c + 104. Let g(v) be the third derivative of v**5/60 - v**4/6 - v**3/2 - 11*v**2 - v. What is the units digit of g(c)?
8
Let j be 12/(-10)*(0 + (-10)/4). Suppose 0*o + 3 = -3*o - j*w, -4*o = -5*w - 5. Let f(k) = -2*k**2 - 2*k + 130. What is the hundreds digit of f(o)?
1
Let f = 4157 + -139. Suppose f + 3292 = 17*t. What is the tens digit of t?
3
Suppose 4*c + x - 6695 = 0, 0 = 4*c - 3*x - 3783 - 2932. What is the thousands digit of c?
1
Let s(t) = 20*t**3 - 29*t**2 + 18*t + 89. What is the ten thousands digit of s(13)?
3
Suppose -5*t - 232 = h + 468, 3*h = 5*t + 680. Let z = -14 - 65. Let b = z - t. What is the units digit of b?
0
Let y(d) = 8 + 0 - 2*d**2 - 11*d**3 - 9*d - 6*d**3 + 18*d**3. Let r be y(4). Suppose -t + 3*m + 815 = r*t, -4*m + 20 = 0. What is the units digit of t?
6
Let x(g) = g**3 - 6*g**2 - 16*g + 7. Let j = 10 - 2. Let z be x(j). Suppose 0 = -2*h - z + 9. What is the units digit of h?
1
Let w(p) = -9*p**3 - 14*p**2 + 82*p + 141. What is the hundreds digit of w(-17)?
9
Suppose 2*v - 101007 = 11*r - 10*r, -4*r = -28. What is the ten thousands digit of v?
5
Let u(m) = -90*m + 1. Let v(q) = -q**2 - 8*q - 16. Let y = 1 - 6. Let d be v(y). What is the units digit of u(d)?
1
Let z = -450 - -4494. What is the thousands digit of z?
4
Let b be (2*-10)/(1/(-3)). Let m = 60 - b. What is the tens digit of 75 - ((-4)/4*2 + m)?
7
Let y = 90 + -87. Let u(c) = c**3 - c - 5 - 2*c**y + 0 - 2*c**2 + 0. What is the hundreds digit of u(-7)?
2
Suppose -5*c = -4*g - g + 1245, 1246 = 5*g - 4*c. Let d = -126 + g. What is the tens digit of d?
2
What is the hundreds digit of ((-31)/(-2) + -8)*(-92580)/(-50)?
8
Let k = 810 - 434. Suppose -6*a + 2*a = 4*y - 1528, 0 = y + 3*a - k. What is the hundreds digit of y?
3
Suppose 12*k + 987 = 15*k. Suppose -5*m + 35 - 5 = -v, -m + 15 = -2*v. Suppose -5*d - m*a + 515 = -220, 2*d - 5*a - k = 0. What is the hundreds digit of d?
1
Suppose -4*u - 330 + 126 = 0. Let m be (-858)/12 + 1 + 2/(-4). Let w = u - m. What is the tens digit of w?
2
Suppose -s - 2*s = 2*m - 23658, 5*s - 39430 = 5*m. What is the thousands digit of s?
7
Suppose 161 + 63 = 56*z. Suppose 0 = 4*k - l - 8016, -k - 583 = z*l - 2604. What is the units digit of k?
5
Let b(v) = -5*v - 29. Let r be b(-16). Suppose -g = -4*y - r, 3*y - 3*g + 17 = 2*g. What is the units digit of 4*17 - (-7)/(y/4)?
6
Let m = 3142 - -9777. What is the ten thousands digit of m?
1
Suppose 4*p - j = 1701, 3*p + 2*j = -3*j + 1293. Suppose -5*v + p - 41 = 0. Suppose -v = -4*d + 5*a, 5*d - 5*a - 49 = 51. What is the tens digit of d?
2
What is the tens digit of 40/(-120) + 5/(75/268280)?
8
Let o be 145/435 + 554/3. Suppose r = -22 - 47. Let u = o + r. What is the hundreds digit of u?
1
Let t = -13 - -25. Let x be 10/(-2)*(t/4)/(-1). Suppose 0 = -5*y + x, 7*h - 727 = 3*h - y. What is the units digit of h?
1
Let g be (0 + 2)/((-2)/(-4)). Let b(n) = -13 + 5 - 2 - 7 + g*n. What is the units digit of b(8)?
5
Suppose 2*g - 4*y - 33910 = 0, -4*y + 0*y = 5*g - 84761. What is the ten thousands digit of g?
1
Let h(g) = 2*g**3 - 25*g**2 + 46*g - 39. What is the tens digit of h(16)?
8
Suppose -5*i = -5*z + 510, -2*z = -3*z + 2*i + 99. Let c(m) = 9*m - z*m - 32 + 35. What is the hundreds digit of c(-2)?
1
Suppose l - b - 3 = 0, -9*l + 6*l - b = 3. Suppose 248*q - 243*q - 1465 = l. What is the hundreds digit of q?
2
What is the units digit of 1*2/(-1)*(-61020)/27?
0
Let z be (-660)/330 + -2*(-565)/2. Suppose -z = 4*f - 951. What is the tens digit of f?
9
Let p = -90 + 271. Let z = 415 - p. What is the units digit of z?
4
What is the thousands digit of (1229 - 568)*37/1?
4
Let t(v) be the first derivat